 Determine j(-1).
785
Let y(d) = -19149*d - 1187279. Determine y(-62).
-41
Let v(u) = -2*u**3 - 1378*u**2 - 31878*u + 27937. Determine v(-665).
7
Let l(a) = -a**3 - 13*a**2 + 1236*a + 19730. Give l(-17).
-126
Let x(l) = -43*l**2 + 2896*l + 15549. Calculate x(-5).
-6
Let c(r) = -32274*r + 161670. What is c(5)?
300
Let q(k) = -84*k + 3006. Give q(30).
486
Let b(t) = 875*t + 13619. Give b(-15).
494
Let i(b) = 959*b**2 - 353869*b - 717. What is i(369)?
21
Let f(g) = 154*g + 6373. Determine f(-48).
-1019
Let b(y) = 31492*y - 3527071. Calculate b(112).
33
Let d(s) = -8*s**2 + 391*s - 1719. Give d(44).
-3
Let l(o) = -2*o**3 - 96*o**2 - 70*o - 209. Determine l(-47).
-1337
Let h(g) = 477*g + 7914. Calculate h(-20).
-1626
Let d(w) = -3*w**3 - 1109*w**2 - 1843*w - 1029. Calculate d(-368).
75
Let t(c) = -2992*c**2 + 2977*c + 4. What is t(1)?
-11
Let t(u) = -2*u**3 + 37*u**2 + 117*u - 2443. What is t(18)?
-13
Let i(l) = l**3 + 914*l**2 - 7334*l - 324. Give i(8).
12
Let v(w) = -533*w + 4002. Determine v(6).
804
Let b(x) = 22*x**2 + 13*x + 2603. Give b(0).
2603
Let y(q) = 2*q**3 + 37*q**2 - 125*q - 1002. What is y(-4)?
-38
Let j(b) = -92*b + 10537. Calculate j(113).
141
Let j(f) = f**2 + 3133*f + 96140. What is j(-31)?
-22
Let v(t) = t**2 + 220*t - 77057. What is v(-408)?
-353
Let s(q) = -863*q**2 - 3*q - 7943. Calculate s(0).
-7943
Let x(y) = 814*y - 14534. Give x(18).
118
Let h(w) = -1473*w + 79532. What is h(54)?
-10
Let z(x) = 1883*x + 13618. Determine z(-7).
437
Let f(j) = -j**3 + 239*j**2 - 1778*j + 6. Calculate f(8).
566
Let s(r) = 9*r**3 + r**2 + 7086*r - 14168. Determine s(2).
80
Let j(i) = -2017*i + 78549. Determine j(39).
-114
Let g(f) = -25*f**2 + 11643*f - 8376. What is g(465)?
-6
Let t(k) = -172*k - 14813. Calculate t(-85).
-193
Let r(a) = 358*a + 1319. What is r(-4)?
-113
Let v(m) = -2*m**2 + 756*m - 5333. Calculate v(7).
-139
Let m(r) = 167*r**3 - 7851*r**2 + 87*r + 38. Give m(47).
-291
Let d(w) = -667*w + 3456. Calculate d(7).
-1213
Let r(v) = -730*v - 7835. Give r(-11).
195
Let d(q) = -6*q**3 + 438*q**2 + 900*q - 42. Determine d(75).
-42
Let l(x) = 3733*x - 246377. Determine l(66).
1
Let w(d) = 457*d**2 - 2746*d + 11. Calculate w(6).
-13
Let u(s) = -3*s**2 + 1015*s - 19362. Calculate u(318).
36
Let r(a) = -a**2 + 231*a + 48410. What is r(-133)?
-2
Let g(r) = r**3 + 3732*r**2 + 1468396*r + 455. Determine g(-447).
8
Let n(j) = 2676*j + 18. Calculate n(0).
18
Let r(u) = 416087*u + 17891733. Calculate r(-43).
-8
Let r(t) = 15*t**2 - 78*t - 950. Give r(-11).
1723
Let c(d) = 130*d**3 + 301*d**2 + 10*d + 6. Give c(-3).
-825
Let p(h) = -h**3 - 11*h**2 + 31*h + 42. Calculate p(-10).
-368
Let u(o) = 259*o - 40064. What is u(155)?
81
Let h(s) = -s**3 - 34*s**2 + 28*s + 759. Give h(-34).
-193
Let i(z) = -z**3 + 814*z**2 - 2833*z + 2973117. Determine i(815).
-3
Let l(y) = 243*y**2 + 6728*y - 2022. Give l(-28).
106
Let o(y) = y**3 - 35*y**2 + 161*y + 216. Determine o(28).
-764
Let n(c) = 3854*c + 6793. Calculate n(-2).
-915
Let c(a) = 18*a**2 - 73*a - 901. What is c(-12)?
2567
Let f(j) = -15*j**3 + 2*j**2 + 4541*j + 4540. Calculate f(-1).
16
Let d(i) = -2*i**3 - 3*i**2 - 749*i - 136. Determine d(0).
-136
Let s(g) = -g**3 - 33*g**2 + 569*g + 18846. Calculate s(-33).
69
Let w(t) = -4*t**3 - 37*t**2 + 137*t + 265. Determine w(-13).
1019
Let j(v) = 5*v**2 - 949*v - 4884. What is j(197)?
2208
Let z(p) = -2662*p - 49297. Give z(-19).
1281
Let x(j) = -2*j**3 - 195*j**2 + 6278*j + 620. Give x(-123).
5
Let s(d) = -136*d**2 - 1120*d - 76. What is s(-7)?
1100
Let x(o) = 729*o**3 + 4*o**2 - 580*o - 1175. Determine x(-2).
-5831
Let w(a) = a**3 - 146*a**2 + 5895*a - 916273. Calculate w(148).
-5
Let j(w) = -65685*w + 656777. Determine j(10).
-73
Let y(q) = 57663*q + 57672. Calculate y(-1).
9
Let d(i) = 3*i**3 + 15*i**2 + 11*i + 68. Determine d(-5).
13
Let t(j) = 6807*j + 1129973. Determine t(-166).
11
Let p(h) = -h**3 + 75*h**2 - 1137*h + 47. Give p(54).
-115
Let w(b) = -583*b - 43022. Give w(-75).
703
Let p(h) = h**2 - 1028*h + 205186. Calculate p(273).
-929
Let h(t) = 4*t**2 + 766*t + 19124. What is h(-162)?
8
Let k(m) = 7*m**2 - 8*m + 20. What is k(3)?
59
Let b(q) = -46*q**2 + 140*q - 49. Calculate b(4).
-225
Let w(o) = -10*o**3 - 44*o**2 + 16*o + 16. What is w(-5)?
86
Let o(n) = n**3 - 33*n**2 + 18*n - 1483. Calculate o(34).
285
Let i(j) = 2332*j - 16551. Determine i(7).
-227
Let w(a) = -67*a + 5870. What is w(56)?
2118
Let s(i) = -6627*i + 10894828. Give s(1644).
40
Let z(c) = -2*c**3 - 118*c**2 + 2514*c - 9735. Give z(12).
-15
Let l(t) = -3*t**2 - 514*t - 19336. Give l(-111).
755
Let c(z) = 62047*z - 1675299. Calculate c(27).
-30
Let l(s) = -s**3 + 29*s**2 + 979*s + 4. Give l(49).
-45
Let o(u) = -12*u**2 - 477*u - 2764. Calculate o(-6).
-334
Let p(j) = -28*j + 1507. Calculate p(55).
-33
Let s(l) = 839*l - 18754. Calculate s(23).
543
Let a(f) = -2*f**2 + 31*f + 530. Determine a(33).
-625
Let d(w) = -w**3 - 25*w**2 + 22*w + 1953. Give d(-22).
17
Let y(a) = 4*a**2 + 9*a - 2097. What is y(22)?
37
Let z(a) = -3*a**3 + 1020*a**2 - 19*a + 6349. Calculate z(340).
-111
Let i(u) = -447577*u - 12979733. Calculate i(-29).
0
Let c(v) = 2314*v - 25470. Calculate c(11).
-16
Let d(h) = 22*h**2 + 1836*h - 160. What is d(-83)?
-990
Let u(b) = -398*b**2 + 1232*b + 5. Calculate u(3).
119
Let h(f) = -2960*f**2 + 130241*f - 36. Calculate h(44).
8
Let b(g) = 5*g**3 - 303*g**2 - 215*g + 5674. Calculate b(61).
1
Let v(h) = 3*h**3 + 7*h**2 + 557*h + 1126. Calculate v(-2).
16
Let m(p) = -p**2 - 45681*p + 365459. What is m(8)?
-53
Let u(w) = 1532*w + 471892. What is u(-308)?
36
Let w(y) = -82*y - 5615. Determine w(-70).
125
Let j(l) = -33*l + 897. Determine j(3).
798
Let h(a) = -5*a**3 + 46*a**2 - 1842*a + 16503. What is h(9)?
6
Let y(b) = 82*b - 4214. Give y(46).
-442
Let b(q) = 2852*q - 31371. Calculate b(11).
1
Let s(n) = -n**2 + 10164*n + 1192432. Determine s(-116).
-48
Let s(n) = -n**3 - 47*n**2 + 51*n - 2805. Give s(-49).
-502
Let i(a) = 3*a**3 + 57*a**2 - 5*a - 95. What is i(-19)?
0
Let k(r) = -r**2 - 1643*r - 188357. Calculate k(-124).
-1
Let o(w) = 107929*w - 2482342. What is o(23)?
25
Let q(s) = 78539*s - 863926. Determine q(11).
3
Let c(g) = -3*g**3 - 24*g**2 + 99*g + 730. What is c(-7)?
-110
Let i(n) = 967*n + 251393. Determine i(-260).
-27
Let t(r) = 2*r**2 + 474*r - 35092. Calculate t(59).
-164
Let z(u) = -u**3 - 465*u**2 - 28299*u - 278. Give z(-72).
-62
Let z(v) = 6664*v**2 + 19994*v + 14. Determine z(-3).
8
Let n(v) = -v**3 + 30*v**2 + 4680*v + 512. Calculate n(-55).
237
Let n(o) = 77*o - 163. Determine n(2).
-9
Let j(p) = 5*p**3 + 74*p**2 - 1274*p + 314. What is j(10)?
-26
Let p(q) = 1348*q + 6510. Give p(-5).
-230
Let s(l) = l**3 + 619*l**2 - 731*l - 68802. Determine s(-620).
18
Let x(b) = -2*b**2 + 477*b + 7590. Give x(-15).
-15
Let o(u) = -1957*u - 97857. Give o(-50).
-7
Let u(t) = -t**3 + 5*t - 16. What is u(6)?
-202
Let f(j) = 32889*j + 6248909. Determine f(-190).
-1
Let g(w) = w**3 - 743*w**2 - 284*w + 210939. Determine g(743).
-73
Let l(m) = 1549*m - 906173. Give l(585).
-8
Let u(m) = m**3 + 69*m**2 + 582*m + 2497. Calculate u(-60).
-23
Let d(a) = a**2 + 438*a + 11571. Give d(-28).
91
Let g(c) = c**3 + 305*c**2 + 11264*c - 524. Give g(-262).
0
Let s(n) = -n**2 - 1321*n - 115332. Determine s(-1227).
6
Let a(g) = -15*g + 3390. Calculate a(108).
1770
Let z(g) = 6*g**3 + 151*g**2 - 5*g - 721. Determine z(-25).
29
Let v(a) = -21*a**3 + 600*a**2 + 265*a - 104. What is v(29)?
12
Let o(g) = 5*g**2 - 64*g + 896. Determine o(-26).
5940
Let g(y) = 27*y**3 + 5718*y**2 - 5726*y + 9. Determine g(1).
28
Let w(g) = -616*g + 17840. Determine w(29).
-24
Let w(r) = 1557*r + 33034. Give w(-21).
337
Let g(m) = -4856*m + 1544207. Determine g(318).
-1
Let j(l) = -614*l - 202002. Calculate j(-329).
4
Let w(j) = -2*j**2 - 12534*j - 386633. What is w(-31)?
-1
Let w(f) = 47*f**2 - 7*f + 289. Give w(0).
289
Let h(j) = j**2 + 106930*j - 962448. Give h(9).
3
Let s(f) = -10*f**3 + 95*f**2 - 90*f - 5. Determine s(8).
235
Let v(r) = r**2 - 1268*r + 77047. What is v(64)?
-9
Let p(q) = -3*q**2 - 9*q - 61. Determine p(-3).
-61
Let r(d) = -57*d + 3. Calculate r(-8).
459
Let b(z) = -437*z + 146796. Give b(336).
-36
Let g(u) = -82*u**2 - 40191*u - 5398. Calculate g(-490).
-8
Let o(s) = -s**2 - 32990